{"id":4,"date":"2013-03-20T10:34:42","date_gmt":"2013-03-20T09:34:42","guid":{"rendered":"http:\/\/imalanc.ro\/w\/?page_id=4"},"modified":"2013-09-13T18:49:25","modified_gmt":"2013-09-13T16:49:25","slug":"kezdolap","status":"publish","type":"page","link":"https:\/\/imalanc.ro\/w\/","title":{"rendered":"Cristus Vincit! Cristus Regnat!"},"content":{"rendered":"<p><span style=\"font-family: Times New Roman, serif;\"><span style=\"font-size: medium;\"><strong><img loading=\"lazy\" decoding=\"async\" class=\"alignleft size-full wp-image-1650\" title=\"Gyulafeh\u00e9rv\u00e1r g\u00f3tikus Sz\u00e9kesegyh\u00e1za esti f\u00e9nyben!\" src=\"https:\/\/imalanc.ro\/w\/wp-content\/uploads\/Gyulafehervar-Szekesegyhaz-este.jpg\" alt=\"\" width=\"150\" height=\"316\" srcset=\"https:\/\/imalanc.ro\/w\/wp-content\/uploads\/Gyulafehervar-Szekesegyhaz-este.jpg 150w, https:\/\/imalanc.ro\/w\/wp-content\/uploads\/Gyulafehervar-Szekesegyhaz-este-142x300.jpg 142w\" sizes=\"auto, (max-width: 150px) 100vw, 150px\" \/>Imacsoportunknak k\u00fcld\u00f6tt \u00e1ld\u00e1s:<\/strong><\/span><\/span><\/p>\n<p><strong>\u00a0 K\u00e9r\u00fcnk Isten\u00fcnk, j\u00f6jj \u00e9s \u00e1ldd meg ezt az imal\u00e1ncot, \u00e1ldd meg csal\u00e1djainkat, <\/strong><strong>a sz\u00fcl\u0151ket \u00e9s gyermekeket! \u00c1radjon r\u00e1nk a Szentl\u00e9lek aj\u00e1nd\u00e9kak\u00e9nt a hit, a rem\u00e9ny \u00e9s a szeretet! <\/strong><\/p>\n<p><strong>\u00a0 Kegyelme adja, hogy mindennap megt\u00e9rj\u00fcnk, \u0150t egyre jobban szeress\u00fck \u00e9s <\/strong><strong>egyh\u00e1z\u00e1t mindenben szolg\u00e1ljuk! <\/strong><\/p>\n<p><strong>\u00a0 T\u00e1voztasson k\u00f6r\u00fcnkb\u0151l minden rosszat: b\u0171nt, bajt \u00e9s betegs\u00e9get J\u00e9zus nev\u00e9ben! Adjon kitart\u00e1st, h\u0171s\u00e9get a neh\u00e9zs\u00e9gben! <\/strong><\/p>\n<p><strong>\u00a0 Test\u00fcnknek adjon j\u00f3 eg\u00e9szs\u00e9get, lek\u00fcnknek sok tiszta \u00f6r\u00f6met, csal\u00e1djainknak \u00e9s nemzet\u00fcnknek boldogul\u00e1st itt a f\u00f6ld\u00f6n \u00e9s \u00f6r\u00f6k boldog \u00e9letet a mennyben! \u00c1men. <\/strong><\/p>\n","protected":false},"excerpt":{"rendered":"Imacsoportunknak k\u00fcld\u00f6tt \u00e1ld\u00e1s: \u00a0 K\u00e9r\u00fcnk Isten\u00fcnk, j\u00f6jj \u00e9s \u00e1ldd meg ezt az imal\u00e1ncot, \u00e1ldd meg csal\u00e1djainkat, a sz\u00fcl\u0151ket \u00e9s gyermekeket!&#8230;","protected":false},"author":2,"featured_media":0,"parent":0,"menu_order":0,"comment_status":"open","ping_status":"closed","template":"template-homepage.php","meta":{"footnotes":""},"class_list":["post-4","page","type-page","status-publish","hentry"],"_links":{"self":[{"href":"https:\/\/imalanc.ro\/w\/wp-json\/wp\/v2\/pages\/4","targetHints":{"allow":["GET"]}}],"collection":[{"href":"https:\/\/imalanc.ro\/w\/wp-json\/wp\/v2\/pages"}],"about":[{"href":"https:\/\/imalanc.ro\/w\/wp-json\/wp\/v2\/types\/page"}],"author":[{"embeddable":true,"href":"https:\/\/imalanc.ro\/w\/wp-json\/wp\/v2\/users\/2"}],"replies":[{"embeddable":true,"href":"https:\/\/imalanc.ro\/w\/wp-json\/wp\/v2\/comments?post=4"}],"version-history":[{"count":15,"href":"https:\/\/imalanc.ro\/w\/wp-json\/wp\/v2\/pages\/4\/revisions"}],"predecessor-version":[{"id":358,"href":"https:\/\/imalanc.ro\/w\/wp-json\/wp\/v2\/pages\/4\/revisions\/358"}],"wp:attachment":[{"href":"https:\/\/imalanc.ro\/w\/wp-json\/wp\/v2\/media?parent=4"}],"curies":[{"name":"wp","href":"https:\/\/api.w.org\/{rel}","templated":true}]}}